o) = -o**3 + o**2 - o - 2. Calculate c(-2).
12
Let a(p) = -7*p**3 + p. What is a(-1)?
6
Let d(f) = 5*f - 34. What is d(6)?
-4
Let v(p) = 4*p**3 - 3*p**2 - 4*p + 4. Calculate v(3).
73
Let k(h) = h**3 + 14*h**2 + 2*h + 43. Determine k(-14).
15
Let k(l) = -2*l**2 + 11*l + 57. What is k(9)?
-6
Let l(i) = 3*i - 34. Determine l(16).
14
Let d(i) = 2*i**2 + 25*i + 10. Determine d(-12).
-2
Let t(j) = -10*j + 14. Calculate t(4).
-26
Let h(l) = -l**3 - 21*l**2 + 24*l + 42. What is h(-22)?
-2
Let d(v) = -10*v**2 + 66*v + 10. Determine d(7).
-18
Let p(o) = 5*o - 4. What is p(8)?
36
Let b(p) = -4*p**2 - p + 1. Give b(-3).
-32
Let g(u) = 31*u**2 - 3*u + 2. Determine g(1).
30
Let m(f) = 48*f + 26. Determine m(-4).
-166
Let a(p) = 18*p + 173. Determine a(-9).
11
Let a(s) = -s - 43. What is a(-23)?
-20
Let z(f) = -f**2 + 4. Give z(-3).
-5
Let d(p) = 11*p + 84. What is d(-8)?
-4
Let j(h) = -h - 36. Give j(-10).
-26
Let g(v) = -v**2 - 6*v + 12. What is g(-9)?
-15
Let m(s) = s**2 - 14*s + 6. Give m(6).
-42
Let v(l) = -l**2 + l + 64. Determine v(0).
64
Let f(v) = -v**2 - 14*v - 14. Calculate f(-17).
-65
Let o(t) = -t**2 - 16*t - 52. Give o(-5).
3
Let t(a) = 2*a - 26. What is t(11)?
-4
Let x(w) = 39*w + 110. Give x(-3).
-7
Let o(i) = -12*i**3 + i**2 + 2*i - 2. Determine o(1).
-11
Let c(a) = a**2 - 5*a - 1. What is c(2)?
-7
Let k(g) = -g**3 - 18*g**2 + 19*g + 47. What is k(-19)?
47
Let n(x) = -x**2 + x. Give n(-2).
-6
Let c(d) = -2*d**3 - 2*d**2 - 3*d - 1. What is c(-2)?
13
Let u(m) = 23*m**3 + m**2 + 2*m + 1. Determine u(-1).
-23
Let g(j) = 7*j - 113. What is g(17)?
6
Let b(z) = 8*z - 36. Calculate b(5).
4
Let g(l) = -12*l + 10. Determine g(1).
-2
Let j(c) = c - 7. Determine j(-11).
-18
Let g(s) = -3*s - 33. What is g(-10)?
-3
Let i(r) = 8*r**3 - 2*r - 1. Determine i(-1).
-7
Let j(x) = 6*x**3 + x**2 - 2. Give j(1).
5
Let h(v) = 2*v**2 + 4*v - 5. What is h(-4)?
11
Let d(l) = 3*l - 61. Calculate d(20).
-1
Let r(d) = -10*d**2 - 2*d - 18. Determine r(0).
-18
Let k(n) = -n**3 - 13*n**2 - 15*n - 43. Determine k(-12).
-7
Let x(j) = -4*j**2 + 4*j - 19. Determine x(3).
-43
Let g(c) = 2*c**2 - 14*c + 14. Give g(6).
2
Let c(l) = -15*l - 291. What is c(-19)?
-6
Let r(c) = c**2 - 8*c + 9. Calculate r(0).
9
Let i(l) = l**2 + 3*l + 3. Calculate i(-3).
3
Let h(p) = p**2 - 3*p - 32. Give h(-5).
8
Let d(g) = -g + 4. Determine d(5).
-1
Let j(d) = d**2 - 13*d + 76. Give j(10).
46
Let j(b) = -2*b**2 - 38*b - 129. Calculate j(-4).
-9
Let r(o) = 3*o + 7. What is r(-4)?
-5
Let b(p) = p**2. Give b(-3).
9
Let d(w) = w**2 + 2*w - 5. Calculate d(4).
19
Let k(w) = -5*w**2 + 49*w + 16. What is k(11)?
-50
Let f(a) = a**3 - 4*a**2 - 2. What is f(4)?
-2
Let z(y) = -2*y**3 - 28*y**2 + 31*y + 10. Give z(-15).
-5
Let f(l) = -12*l - 45. What is f(-10)?
75
Let x(i) = -112*i + 889. What is x(8)?
-7
Let f(j) = -j**3 - 7*j**2 - 5*j - 2. Determine f(-4).
-30
Let f(p) = -p - 2. Calculate f(7).
-9
Let f(i) = 2*i - 19. What is f(9)?
-1
Let x(k) = -4*k + 17. Give x(-10).
57
Let r(g) = -g**2 + 5*g + 3. What is r(4)?
7
Let c(z) = -40*z**2 + z. What is c(1)?
-39
Let m(t) = 27*t - 593. Give m(22).
1
Let y(p) = -p**2 + 3*p - 12. Give y(11).
-100
Let a(j) = j**2 + 14*j - 227. Determine a(10).
13
Let v(s) = -s**3 - 5*s**2 + 12*s - 17. Calculate v(-7).
-3
Let d(n) = 73*n**3 + 2*n**2 - n. What is d(1)?
74
Let x(y) = -y**2 - 25*y - 63. Determine x(-22).
3
Let i(s) = -s**2 - 124*s - 125. Give i(-1).
-2
Let y(a) = -19*a + 172. Give y(8).
20
Let d(q) = -5*q + 13. Give d(3).
-2
Let o(j) = -j**2 - 18*j - 65. What is o(-12)?
7
Let d(n) = -54*n + 211. Determine d(4).
-5
Let a(x) = x**2 - 7*x - 8. Calculate a(11).
36
Let r(u) = 7*u**2 - 2*u - 1. What is r(-1)?
8
Let k(c) = -c - 8. Determine k(-13).
5
Let h(g) = 24*g - 137. Give h(6).
7
Let w(r) = -r**3 - 13*r**2 + 7*r - 42. Give w(-14).
56
Let c(y) = 3*y + 43. Determine c(-12).
7
Let u(f) = 15*f + 368. What is u(-24)?
8
Let b(i) = -i**3 + i**2 - 1. Give b(2).
-5
Let j(o) = -7*o**2 + 10*o - 2. What is j(5)?
-127
Let o(i) = -4*i + 2. Determine o(-6).
26
Let g(s) = s + 3. Determine g(-7).
-4
Let a(q) = 2*q**3 - q**2 + 3*q + 9. Determine a(0).
9
Let o(h) = 4*h + 24. What is o(-3)?
12
Let y(c) = -c**2 + 21*c - 24. Determine y(22).
-46
Let o(f) = f**3 - 3*f**2 - 2*f + 3. Give o(2).
-5
Let c(l) = -86*l + 433. What is c(5)?
3
Let k(o) = -5*o - 1. Give k(-3).
14
Let a(i) = i**3 - 17*i**2 + 17*i + 7. What is a(16)?
23
Let y(l) = -l**2 + 9*l - 11. What is y(6)?
7
Let p(s) = -3*s**2 + 42*s + 8. What is p(14)?
8
Let o(y) = -24*y**2 + 8*y - 8. Determine o(1).
-24
Let v(s) = 28*s**3 - s**2 + 1. Calculate v(1).
28
Let o(q) = -q - 5. Determine o(22).
-27
Let y(u) = u**2 - 4*u - 11. Calculate y(5).
-6
Let v(i) = 5*i - 133. Calculate v(27).
2
Let r(z) = -2*z**2 + 9*z + 42. What is r(0)?
42
Let p(c) = 6*c + 6. Calculate p(-2).
-6
Let o(q) = -2*q**2 + 9*q - 1. Determine o(6).
-19
Let j(u) = 16*u + 1. Determine j(-2).
-31
Let g(n) = -n**3 - 7*n**2 - 5*n + 2. Determine g(-6).
-4
Let b(k) = -k**3 - 4*k**2 + 3*k - 7. Calculate b(-5).
3
Let b(h) = 2*h**2 + 10*h - 139. Determine b(6).
-7
Let i(z) = z**3 - 25*z**2 - 26*z + 2. Give i(26).
2
Let s(c) = c**2 - 28*c - 4. Calculate s(26).
-56
Let z(x) = x - 20. Determine z(-17).
-37
Let i(f) = -f**2 + 9*f - 10. Determine i(0).
-10
Let d(a) = 4*a + 14. Give d(-10).
-26
Let p(c) = -c**3 - 2*c**2 - 3*c - 2. Calculate p(-2).
4
Let n(w) = -2*w**2 - 44*w - 15. Determine n(-22).
-15
Let y(u) = -u**3 - 5*u**2 - 3*u - 1. Determine y(-5).
14
Let r(i) = i**3 - 12*i**2 + 20*i + 7. Determine r(10).
7
Let o(q) = q**3 - q**2 - q. Determine o(0).
0
Let g(p) = -3*p**2 - p - 3. What is g(-3)?
-27
Let z(f) = f**3 + 6*f**2 + 11*f + 5. Give z(-4).
-7
Let z(r) = -6*r**2 + 2*r + 3. Give z(-1).
-5
Let g(i) = i**3 - 14*i**2 - 20*i + 3. Calculate g(15).
-72
Let n(y) = -y**3 - 4*y**2 + 8*y + 11. Determine n(-5).
-4
Let n(j) = 10*j + 14. What is n(-10)?
-86
Let d(q) = -15*q**3 - 2*q**2 - 5*q + 10. What is d(2)?
-128
Let u(w) = -w + 19. Calculate u(13).
6
Let l(b) = 29*b + 25. Calculate l(-1).
-4
Let r(j) = -j**3 + 5*j**2 + 18*j + 4. Give r(-3).
22
Let j(y) = -5*y + 19. What is j(11)?
-36
Let z(g) = 18*g**2 + g + 2. Calculate z(-1).
19
Let n(v) = -v**2 + 4*v - 2. Give n(8).
-34
Let k(p) = 4*p + 59. Calculate k(-15).
-1
Let f(c) = c**3 - 4*c**2 - 2*c + 1. Give f(4).
-7
Let i(y) = y**2 + 11*y + 8. Give i(-11).
8
Let i(a) = -2*a**2 + 9*a. Give i(2).
10
Let h(l) = -2*l**2 + 15*l - 24. Give h(4).
4
Let j(d) = -2*d**2 + 13*d + 17. Give j(8).
-7
Let y(w) = w**3 - w**2 + 2*w - 3. Give y(2).
5
Let i(b) = -13*b + 1. What is i(1)?
-12
Let y(d) = -2*d**2 - 10*d + 71. Calculate y(-9).
-1
Let y(n) = n**3 - 8*n**2 + 22*n - 27. What is y(5)?
8
Let p(b) = -b**2 - 11*b - 25. Give p(-14).
-67
Let g(q) = -15*q**2 - 108*q - 21. Calculate g(-7).
0
Let o(a) = -2*a - 5. Calculate o(0).
-5
Let s(j) = -j**3 - 9*j**2 + 6*j - 10. Give s(-9).
-64
Let c(f) = -2*f - 1. What is c(-6)?
11
Let l(n) = -n**3 + 8*n**2 + 7*n - 1. What is l(9)?
-19
Let w(i) = i**3 - 5*i**2 + 4*i - 1. Calculate w(4).
-1
Let t(g) = -2*g**3 + 5*g**2 + 62*g + 1. Calculate t(7).
-6
Let x(o) = o**3 + 2*o + 3. Calculate x(0).
3
Let t(q) = q**2 - 5*q - 1. Determine t(5).
-1
Let p(y) = -13*y**3 - 2*y**2 - 17*y + 18. Determine p(1).
-14
Let s(n) = n**3 - 10*n**2 + 8*n + 10. Give s(7).
-81
Let u(x) = -2*x - 32. Determine u(-11).
-10
Let a(i) = 6*i**2 + 65*i + 49. What is a(-10)?
-1
Let g(t) = t**2 + 8*t. Calculate g(-7).
-7
Let t(h) = -2*h + 21. Determine t(-21).
63
Let l(w) = w**2 - 13*w + 4. Give l(11).
-18
Let p(q) = -q**3 - 10*q**2 - 8*q + 6. What is p(-9)?
-3
Let u(m) = 2*m**2 + 23*m - 13. Calculate u(-12).
-1
Let j(n) = -n**2 + 7*n - 10. Give j(5).
0
Let h(q) = q - 31. What is h(31)?
0
Let a(q) = q**2 - 3*q - 4. Give a(-6).
50
Let z(c) = c**2 + 11*c + 3. Determine z(-8).
-21
Let b(o) = 5*o**2 - 45*o - 1. Calculate b(9).
-1
Let r(m) = m**3 + 31*m**2 + 55*m - 78. What is r(-29)?
9
Let z(t) = t**2 + 8*t + 3. Determine z(-8).
3
Let q(a) = -2*a**2 - 100*a + 93. Give q(-51).
-9
Let d(s) = 6*s - 3. Give d(-3).
-21
Let j(k) = 5*k**2 + 2. Calculate j(2).
22
Let w(l) = -4*l**2 + 15*l. Give w(6).
-54
Let h(g) = -g**2 - 15*g + 2. Determine h(-15).
2
Let z(u) = -2*u**3 + 2*u**2 + 7*u - 1. Give z(-2).
9
Let h(n) = 2*n**2 - 12*n - 9. Calculate h(6).
-9
Let z(